52)/((-1)/(-2*1)).
3, 59
Let i(x) = -7*x - 2. Let m be i(-1). Suppose 5*f = -h + m, 20 = -0*h + 4*h + 5*f. Suppose 0 = -h*c - 5, -5*v + 2*c = -c - 103. What are the prime factors of v?
2, 5
Let z be 6/1 + -9 + 5. Suppose -z*w - 21 = -5*w. Suppose -3*b = -w - 8. What are the prime factors of b?
5
Let i be (2610/4)/5*(10 + -12). What are the prime factors of i*((392/12)/(-7) + 1)?
3, 11, 29
Suppose 5*r = 3*s + 38976, -18*r = -15*r + 4*s - 23403. What are the prime factors of r?
3, 23, 113
Let n = 833 + -773. What are the prime factors of 8/14 - -2389*n/84?
3, 569
Suppose 0 = -205*l + 1936386 + 237229. What are the prime factors of l?
23, 461
Let y = 33786 + -24102. List the prime factors of y.
2, 3, 269
Let q(d) = -d**2 - 18*d. Let c be q(-18). Suppose -2*o = -o - 2*x - 317, 4*o - x - 1261 = c. Suppose -n + 6*n = o. List the prime factors of n.
3, 7
Suppose -3*s - 131 = -r - 7*s, -464 = -4*r - 4*s. Suppose 3*t = 3*x + r, 4*t + 3*x + 12 = 153. List the prime factors of ((-33)/(-12))/(1/t).
3, 11
Suppose -1522 - 138 = -2*i. Suppose 6*m = 11*m - i. Suppose 21*p - 22*p = -m. What are the prime factors of p?
2, 83
Let j = 41 - 39. Suppose 6*s = -j*s + 152. Suppose s = a - 27. What are the prime factors of a?
2, 23
Suppose 2*t = 10, 5*x - 3*x = 4*t - 68. Let n = 134 + -68. Let b = n + x. List the prime factors of b.
2, 3, 7
Suppose -43*w - 46*w = -26*w - 3859443. What are the prime factors of w?
61261
Let l(o) = -o**3 - 11*o**2 + 4. Let g be l(-11). Suppose 2*d + 1740 = g*r, -3*d + 4 = -5*d. List the prime factors of r.
2, 7, 31
Suppose 57456 = 18*v + 115*v. List the prime factors of v.
2, 3
Let r = -132 - -135. Let d = 46 + r. List the prime factors of d.
7
Let s(r) = 1692*r**3 - 2*r**2 - 29*r + 31. List the prime factors of s(1).
2, 3, 47
Let r be 498/(-5)*(-50)/15. Suppose 0 = -5*n + 548 + r. List the prime factors of n.
2, 11
Let d be (-16)/128 + 164/32. What are the prime factors of (-3168)/(-8 + d) + -6?
2, 3, 5, 7
Let h(g) = 24*g**3 + 7*g**2 + 25*g - 23. What are the prime factors of h(8)?
37, 349
Let n(f) = 14*f + 5. Let x be n(1). Suppose -x*s = -12*s - 21. Suppose -s*c = -5*c - 2*l + 248, 5*l - 495 = -4*c. List the prime factors of c.
5
Suppose 4*p = 4*p - 4*p. Suppose 2*h = -p*h + 66. Suppose 2*f = -2*u + 7*f + h, 5*u - 160 = -3*f. List the prime factors of u.
29
Suppose 0 = -3*a - 4*m + 28, -a + 0*a - 4*m + 20 = 0. Let h(u) be the first derivative of u**4/4 - u**3 + 3*u**2/2 + 5*u + 802. List the prime factors of h(a).
3, 11
Let m(z) = z**2 - 2*z - 22. Let p be m(6). Suppose p*r = 611 - 127. Let v = r - 170. List the prime factors of v.
2, 3
Suppose -19480 = -h + 5*o, -42606 = -5*h - 5*o + 54884. List the prime factors of h.
5, 7, 557
List the prime factors of (290*8/200)/(6/2955).
29, 197
Suppose 0*i + 2*i = 10, 2*w = -3*i - 55. Let x = w - -37. Suppose -4*k - 3*t = -347, 0 = -4*k + x*t + t + 317. List the prime factors of k.
83
Let s be (-5 + 3/2)*2. What are the prime factors of -6*((-262)/9 + s/(-63))?
2, 3, 29
Let w(n) = -n**3 + 15*n**2 + 18*n + 34. Let u be w(16). Let k = u + -64. Suppose 0 = -k*p + 5*a + 105, 7*p - 4*p + 5*a - 220 = 0. List the prime factors of p.
5, 13
Let x(a) = 10*a - 5. Let l be x(6). Let q(i) = 100*i + 46. Let j be q(0). Let n = l - j. List the prime factors of n.
3
Let t(v) be the first derivative of -50*v**2 - 98*v + 81. List the prime factors of t(-6).
2, 251
Let b be ((-2)/6)/((-1)/6). Let j = 2506 + -2505. What are the prime factors of j - (-1446)/12 - b/4?
11
Let z = -457 + 455. What are the prime factors of 33/(z + -2 + 5)?
3, 11
Suppose 0 = -3*p - 4*n + 37, -3*p - 2*n = p - 46. Let o(l) = p + 29 + 11*l + 3*l - 19*l. What are the prime factors of o(-12)?
2, 5
Suppose -2*p + 43568 = 10*u, 0 = -96*p + 100*p - 2*u - 87224. List the prime factors of p.
2, 3, 23, 79
Suppose 5 = -3*k + 8*k. Let u be -2 + 3 - 2 - k. What are the prime factors of u/(-2)*(178 - (1 - 4))?
181
Let y be 6 - (-410 - (2 + 3)). Let z = y + -114. List the prime factors of z.
307
Let y = 41 + -20. Let t(u) = -5*u + 35. Let w be t(y). What are the prime factors of 6/9 + w/(-3)?
2, 3
Let y = 429 - 299. List the prime factors of (0 + (-4)/4)/((-5)/y).
2, 13
List the prime factors of 6384 + 14/4*2.
7, 11, 83
Let c = -21835 + 36708. Suppose 20*a - c = 3647. What are the prime factors of a?
2, 463
Suppose -2*z + 7*z - 45 = 0. Suppose 3*w + n = 3560, 2*w + 4*n = 962 + 1398. List the prime factors of (4/z*3)/(24/w).
2, 3, 11
Suppose 6*d - 42049 = 10301. List the prime factors of d.
5, 349
Let a be 3 + 75/(-27) - 25/(-9). Suppose a*q - 2*v + 205 = -128, 4*v + 12 = 0. List the prime factors of ((-100)/(-4))/5 - q.
2, 59
Let q be -4 + -1 - -1 - -4. Let j be q*(2 + 15/(-6)) + 2. What are the prime factors of 1*6/(-1)*(-14)/j?
2, 3, 7
Let u(q) = -q**2 + 19*q + 30. Suppose -2*f - 3*f = 2*p - 20, -12 = -3*f + 3*p. Suppose -165 = -15*x + f*x. What are the prime factors of u(x)?
2, 3, 5
Suppose 4*n - 152477 = -5*z, z + 20456 = -4*n + 172913. List the prime factors of n.
38113
Suppose 4*i = -30 + 46. Suppose -2*z + 88 = 3*g, 0 = -i*g - z + 6*z + 79. Suppose -g = -2*m + 50. What are the prime factors of m?
2, 19
Let k(n) = -11*n - 52. Let b be k(-5). Suppose -2*t = 10, 0 = -b*f - 5*t + 2*t. Suppose 4*m = -3*y + 442, f*m + 0*m - 589 = -4*y. List the prime factors of y.
2, 73
Let c = 61037 - 17124. List the prime factors of c.
43913
Let s = 48540 - 32336. List the prime factors of s.
2, 4051
Let g be (-47)/(-9) + 20/(-90). Let i be (-15)/2*11/((-33)/2). Suppose -5*v + i*u + 55 = 0, g*u + 3 = 2*v - v. List the prime factors of v.
13
Let c = 17072 - -4549. What are the prime factors of c?
3, 7207
Let v(q) = -q**2 + 4*q. Let w be v(3). Suppose -w*l + 6 = -5*u - 0*u, -3 = -2*l + 3*u. Let g = l + 84. What are the prime factors of g?
3
Let g = 5245 - 3271. Let d(f) = -408*f - 402. Let r be d(-1). Suppose -r*p - p + g = 0. What are the prime factors of p?
2, 3, 47
Let p(c) = -c**3 - 9*c**2 + 38*c + 44. What are the prime factors of p(-12)?
2, 5
Suppose -7*f = -f + 8094. Let i = f - 147. What are the prime factors of i/(-30) + 34/255?
2, 5
Let m = 249 - -208. Let i = m - 272. What are the prime factors of i?
5, 37
What are the prime factors of (2836 - 74)/((-6)/(-3))?
1381
Suppose 32553 = 44*o - 41*o. Suppose -29*m + o = -9420. What are the prime factors of m?
3, 233
Let j = -65 + 850. What are the prime factors of j?
5, 157
Let m be ((-20)/3 + 6)*(3 - 0). Suppose 5*i + 27 = -2*k, 3*i = 5*i + 4*k + 14. What are the prime factors of (-58)/2*(i + m + 6)?
29
Let o = 47 - 43. Suppose 3*i + 2*l = 6*i - 3132, 0 = -o*i - 5*l + 4199. List the prime factors of i.
2, 523
Let l = -4738 + 6070. List the prime factors of l.
2, 3, 37
Let u(l) = -292*l**2 + l - 1. Let p be u(1). Suppose 0 = -2*h + 19080 - 19910. Let z = p - h. What are the prime factors of z?
3, 41
Let g(u) = -134*u - 2 - 3*u**2 - 2*u**2 - 658*u**3 + 0*u**2 + 126*u. List the prime factors of g(-1).
659
Suppose -20 = -7*w + 8. Suppose -3*n + 23 = 4*i, -3*i - w*n = n - 20. Suppose m - 4*z - 25 = -3*z, -3*z - 121 = -i*m. What are the prime factors of m?
23
Let x(n) = -26*n + 107. Let j be x(4). Suppose 2*p - h - 1813 = -4*h, 5*h - 2717 = -j*p. List the prime factors of p.
2, 457
Let q(j) = -3*j**3 - 2*j**2 + 1. Let w be q(-1). Let l be 2/2*w*-20. List the prime factors of (96/l)/(4/(-70)).
2, 3, 7
What are the prime factors of ((-29428)/(-42) - 7)*9?
3, 2081
Let x = -13 + 55. Let c = -189 - -266. Let h = c - x. What are the prime factors of h?
5, 7
Let r = -10 - -14. Suppose -2*c - 6 = -r*c. Suppose -42 = c*a - 9*a. What are the prime factors of a?
7
Suppose 0 = 67*x - 65*x + 374. Let c = x - -457. Suppose 16*t - c = 11*t. List the prime factors of t.
2, 3
Suppose 93*p - 92*p - 29 = 0. Suppose p*z + 5924 = 29385. What are the prime factors of z?
809
Suppose 20245 = -29*c + 34*c + 5*i, 2*i + 4037 = c. What are the prime factors of c?
5, 809
Suppose 56 = 7*d + 7*d. Let v = -44 - -49. Suppose v*f - 315 = 4*g, -d*g - 129 = -2*f - 3*g. List the prime factors of f.
67
Let z(c) be the second derivative of c**5/20 - 5*c**4/12 - 5*c**3/6 - 5*c**2/2 + 16*c. Let o be z(6). List the prime factors of -1*(-2)/o - -42.
2, 11
Let s(o) be the second derivative of -5*o**5/2 + 7*o**4/12 + 3*o**3/2 + o**2/2 + 68*o. What are the pri